400607
List the prime factors of 2004990461.
2251, 890711
What are the prime factors of 76292868?
2, 3, 433, 14683
List the prime factors of 3134874758.
2, 1567437379
List the prime factors of 44390331.
3, 41, 120299
What are the prime factors of 182683433?
2861, 63853
List the prime factors of 2349248447.
7, 13, 179, 144223
List the prime factors of 6389627719.
647, 9875777
What are the prime factors of 373276250?
2, 5, 298621
What are the prime factors of 36306858?
2, 3, 7, 864449
What are the prime factors of 379297758?
2, 3, 7, 9030899
What are the prime factors of 2298436510?
2, 5, 229843651
What are the prime factors of 1129103913?
3, 7, 7680979
What are the prime factors of 792134543?
7109, 111427
What are the prime factors of 789527360?
2, 5, 1489, 1657
List the prime factors of 455221254.
2, 3, 75870209
What are the prime factors of 33968619?
3, 1258097
What are the prime factors of 30328507?
11, 73, 179, 211
List the prime factors of 122242386.
2, 3, 7, 2910533
List the prime factors of 8565292476.
2, 3, 13, 53, 101, 263
List the prime factors of 995796091.
743, 1340237
What are the prime factors of 551431394?
2, 23, 677, 17707
What are the prime factors of 273103495?
5, 7, 23, 101, 3359
What are the prime factors of 157909190?
2, 5, 19, 47, 17683
List the prime factors of 1854909181.
19, 103, 947833
List the prime factors of 37200824.
2, 263, 17681
List the prime factors of 483305686.
2, 31, 7795253
List the prime factors of 168244799.
79, 89, 23929
What are the prime factors of 36280665?
3, 5, 61, 13217
What are the prime factors of 1313791420?
2, 5, 65689571
List the prime factors of 69359075.
5, 47, 59029
List the prime factors of 124767911.
6959, 17929
List the prime factors of 178459018.
2, 1667, 53527
List the prime factors of 248665452.
2, 3, 7, 2960303
What are the prime factors of 75389392?
2, 13, 362449
What are the prime factors of 323608135?
5, 2341, 27647
List the prime factors of 1853925305.
5, 370785061
List the prime factors of 294588395.
5, 58917679
What are the prime factors of 16008895?
5, 7, 457397
List the prime factors of 125314834.
2, 31, 379, 5333
List the prime factors of 33882623.
257, 131839
What are the prime factors of 260357235?
3, 5, 17357149
What are the prime factors of 2249453?
31, 149, 487
What are the prime factors of 8289618806?
2, 7, 53, 73, 21863
What are the prime factors of 389301824?
2, 59, 103099
What are the prime factors of 644977108?
2, 67, 2406631
List the prime factors of 25795672.
2, 7, 460637
List the prime factors of 921208814.
2, 460604407
List the prime factors of 2833798593.
3, 107, 547, 16139
What are the prime factors of 1526514328?
2, 37, 5157143
What are the prime factors of 14560671?
3, 1789, 2713
List the prime factors of 306710859.
3, 7, 13, 1123483
List the prime factors of 78025631.
17, 29, 101, 1567
List the prime factors of 7751284.
2, 317, 6113
What are the prime factors of 3562544019?
3, 1481, 801833
List the prime factors of 41490218.
2, 7, 11, 419, 643
What are the prime factors of 1712995156?
2, 1013, 422753
What are the prime factors of 577275496?
2, 7, 10308491
What are the prime factors of 2429576111?
2429576111
List the prime factors of 518686810.
2, 5, 337, 153913
What are the prime factors of 539163455?
5, 43, 2507737
List the prime factors of 126249022.
2, 5381, 11731
List the prime factors of 14730352.
2, 7, 13, 67, 151
What are the prime factors of 337086179?
67, 1051, 4787
What are the prime factors of 1718582775?
3, 5, 7, 13, 19, 29, 457
List the prime factors of 1539987193.
1539987193
What are the prime factors of 1962972987?
3, 1831, 357359
List the prime factors of 2448785379.
3, 19, 139, 16267
What are the prime factors of 4660752550?
2, 5, 93215051
List the prime factors of 158438395.
5, 661, 47939
What are the prime factors of 637438724?
2, 13, 631, 19427
List the prime factors of 6719903.
37, 181619
List the prime factors of 586060581.
3, 11369, 17183
What are the prime factors of 568587649?
7, 61, 1331587
What are the prime factors of 41820514?
2, 20910257
What are the prime factors of 54378009?
3, 7, 863143
List the prime factors of 161187596.
2, 389, 103591
What are the prime factors of 43376269?
59, 67, 10973
What are the prime factors of 589191343?
13, 197, 230063
List the prime factors of 232667455.
5, 46533491
What are the prime factors of 53729213?
53729213
What are the prime factors of 3836188720?
2, 5, 7, 13, 17, 139, 223
List the prime factors of 82839973.
43, 1217, 1583
What are the prime factors of 916146968?
2, 11, 31, 41, 8191
What are the prime factors of 32593254?
2, 3, 23, 257, 919
List the prime factors of 1505517732.
2, 3, 13939979
List the prime factors of 54569462.
2, 149, 183119
What are the prime factors of 2194214?
2, 11, 9067
List the prime factors of 11143126.
2, 17, 327739
List the prime factors of 11229559.
11, 163, 6263
What are the prime factors of 113438873?
19, 139, 42953
What are the prime factors of 17426699?
17426699
List the prime factors of 6233282505.
3, 5, 15390821
List the prime factors of 49380643.
13, 307, 12373
What are the prime factors of 154310138?
2, 77155069
What are the prime factors of 12133409?
59, 205651
List the prime factors of 558051560.
2, 5, 11, 1268299
What are the prime factors of 49986942?
2, 3, 31, 268747
What are the prime factors of 1122171640?
2, 5, 41, 389, 1759
What are the prime factors of 197098555?
5, 113, 199, 1753
What are the prime factors of 412713442?
2, 29, 7115749
What are the prime factors of 5313192?
2, 3, 107, 2069
What are the prime factors of 53111336?
2, 311, 21347
List the prime factors of 81073201.
11, 7370291
What are the prime factors of 1440231959?
17, 29, 139, 21017
List the prime factors of 52668356.
2, 13, 59, 17167
List the prime factors of 334129450.
2, 5, 271, 24659
List the prime factors of 368977657.
113, 1277, 2557
List the prime factors of 67494365.
5, 19, 61, 613
What are the prime factors of 458951112?
2, 3, 1367, 4663
List the prime factors of 762218965.
5, 23, 6627991
List the prime factors of 159234244.
2, 13, 23, 29, 4591
List the prime factors of 1001749033.
15971, 62723
List the prime factors of 18790764.
2, 3, 1565897
What are the prime factors of 3360656470?
2, 5, 73, 4603639
List the prime factors of 521450184.
2, 3, 21727091
What are the prime factors of 423762763?
47, 1213, 7433
What are the prime factors of 68291081?
68291081
What are the prime factors of 2480391611?
2480391611
List the prime factors of 535494918.
2, 3, 7, 29, 83, 5297
What are the prime factors of 210522031?
210522031
What are the prime factors of 26490918?
2, 3, 4415153
List the prime factors of 355431788.
2, 23, 41, 94229
List the prime factors of 153991799.
13, 751, 15773
What are the prime factors of 217597754?
2, 11, 53, 186619
What are the prime factors of 4085385447?
3, 11, 13, 17, 560179
What are the prime factors of 1447023286?
2, 241, 3002123
List the prime factors of 159976121.
9883, 16187
List the prime factors of 5253387656.
2, 11, 59697587
List the prime factors of 5885470586.
2, 101, 107, 272299
List the prime factors of 1007321078.
2, 37, 229, 59443
List the prime factors of 188466846.
2, 3, 67, 379, 1237
What are the prime factors of 48618458?
2, 7, 23, 150989
List the prime factors of 9578577.
3, 787, 4057
List the prime factors of 1903840060.
2, 5, 95192003
What are the prime factors of 53217085?
5, 10643417
List the prime factors of 118911415.
5, 7, 3397469
What are the prime factors of 150893656?
2, 18861707
List the prime factors of 30748393.
13, 17, 139133
What are the prime factors of 119217665?
5, 7, 3406219
List the prime factors of 62349694.
2, 11, 2834077
List the prime factors of 324408316.
2, 2333, 34763
List the prime factors of 48048055.
5, 11, 19, 45979
What are the prime factors of 1080857151?
3, 11, 10917749
What are the prime factors of 1303827274?
2, 17, 38347861
What are the prime factors of 11990148?
2, 3, 199, 5021
What are the prime factors of 104607731?
104607731
What are the prime factors of 74739339?
3, 8304371
What are the prime factors of 760037338?
2, 409, 929141
List the prime factors of 32129799.
3, 13, 823841
List the prime factors of 12656761.
13, 973597
What are the prime factors of 206221940?
2, 5, 53, 257, 757
